Convert 100 (base 2) to base 9.
4
-2 (base 8) to base 7
-2
What is 253 (base 6) in base 7?
210
What is 12 (base 8) in base 16?
a
-2002 (base 4) to base 6
-334
Convert 19 (base 13) to base 15.
17
-d (base 16) to base 8
-15
What is -5 (base 12) in base 10?
-5
What is 3113 (base 4) in base 15?
e5
What is 152 (base 8) in base 15?
71
What is 5 (base 11) in base 9?
5
Convert 1c (base 13) to base 11.
23
Convert -15 (base 14) to base 10.
-19
What is 2 (base 13) in base 15?
2
What is 230 (base 4) in base 2?
101100
-105 (base 9) to base 7
-152
What is 5 (base 16) in base 12?
5
1 (base 13) to base 8
1
What is 3 (base 6) in base 16?
3
What is -c5 (base 14) in base 2?
-10101101
What is 6 (base 16) in base 13?
6
What is -162 (base 9) in base 6?
-345
-242 (base 9) to base 2
-11001000
11 (base 4) to base 15
5
21 (base 3) to base 15
7
Convert 1011 (base 4) to base 15.
49
-104 (base 13) to base 4
-2231
Convert 1 (base 15) to base 11.
1
1 (base 8) to base 16
1
What is 33 (base 15) in base 2?
110000
-10 (base 9) to base 11
-9
Convert 0 (base 5) to base 14.
0
25 (base 7) to base 14
15
What is 100101 (base 3) in base 12?
191
10 (base 7) to base 13
7
What is 14 (base 7) in base 15?
b
Convert 463 (base 7) to base 12.
181
What is 202 (base 3) in base 16?
14
-11 (base 3) to base 5
-4
Convert -20 (base 6) to base 15.
-c
Convert 46 (base 16) to base 4.
1012
What is -34 (base 8) in base 12?
-24
Convert 2 (base 12) to base 9.
2
c (base 16) to base 15
c
What is 16 (base 12) in base 11?
17
113 (base 7) to base 2
111011
Convert 80 (base 9) to base 8.
110
-125 (base 7) to base 2
-1000100
What is 12a (base 14) in base 13?
150
Convert -10 (base 3) to base 4.
-3
4 (base 8) to base 15
4
Convert 2 (base 4) to base 11.
2
What is -1010100 (base 2) in base 8?
-124
What is -1 (base 8) in base 6?
-1
3 (base 8) to base 4
3
-9 (base 13) to base 9
-10
3 (base 11) to base 6
3
Convert 3 (base 14) to base 12.
3
2 (base 14) to base 12
2
Convert 3 (base 9) to base 15.
3
100 (base 3) to base 14
9
Convert -110 (base 2) to base 12.
-6
What is 1000011 (base 2) in base 4?
1003
Convert -6 (base 12) to base 11.
-6
Convert 32 (base 5) to base 12.
15
What is -18 (base 16) in base 9?
-26
Convert 1 (base 3) to base 11.
1
3 (base 8) to base 10
3
Convert 31 (base 6) to base 8.
23
1000110 (base 2) to base 15
4a
Convert 1 (base 10) to base 15.
1
What is -33 (base 6) in base 11?
-1a
What is 1 (base 9) in base 5?
1
Convert 143 (base 6) to base 5.
223
What is 41 (base 5) in base 15?
16
What is -2 (base 3) in base 9?
-2
-1 (base 13) to base 7
-1
3 (base 5) to base 6
3
0 (base 8) to base 4
0
Convert 5 (base 11) to base 4.
11
Convert 13 (base 4) to base 14.
7
What is -50 (base 13) in base 14?
-49
What is 31 (base 14) in base 3?
1121
303 (base 4) to base 14
39
-21 (base 3) to base 9
-7
What is 0 (base 10) in base 13?
0
Convert -1a9 (base 12) to base 16.
-111
Convert 27 (base 9) to base 16.
19
-78 (base 15) to base 10
-113
-2132 (base 5) to base 3
-101211
Convert 42 (base 11) to base 6.
114
10 (base 3) to base 10
3
Convert -2b (base 14) to base 13.
-30
-51 (base 11) to base 5
-211
Convert 9 (base 13) to base 2.
1001
What is -24 (base 10) in base 16?
-18
Convert 1 (base 3) to base 7.
1
What is -3c (base 13) in base 10?
-51
What is -3 (base 12) in base 5?
-3
-1 (base 7) to base 6
-1
Convert -4 (base 13) to base 9.
-4
What is 1011 (base 2) in base 3?
102
-11 (base 6) to base 12
-7
16 (base 10) to base 2
10000
Convert -71 (base 8) to base 14.
-41
What is 7 (base 8) in base 4?
13
What is 101001011 (base 2) in base 16?
14b
132 (base 4) to base 7
42
Convert -19 (base 11) to base 12.
-18
-a (base 11) to base 13
-a
What is -94 (base 15) in base 8?
-213
What is -16 (base 16) in base 10?
-22
131 (base 16) to base 3
102022
0 (base 16) to base 8
0
What is -16 (base 13) in base 12?
-17
What is 18 (base 12) in base 7?
26
What is -5 (base 14) in base 2?
-101
What is 1143 (base 6) in base 3?
101100
1 (base 11) to base 8
1
0 (base 15) to base 11
0
1 (base 6) to base 14
1
What is -57 (base 14) in base 12?
-65
What is -4 (base 14) in base 15?
-4
Convert 77 (base 11) to base 10.
84
-10 (base 2) to base 13
-2
Convert -100 (base 6) to base 9.
-40
What is 101100001 (base 2) in base 6?
1345
Convert -2 (base 6) to base 13.
-2
Convert 28 (base 11) to base 4.
132
What is 73 (base 12) in base 4?
1113
2203 (base 4) to base 3
20001
What is 5 (base 8) in base 11?
5
11 (base 2) to base 11
3
What is 0 (base 6) in base 8?
0
What is 2a (base 14) in base 6?
102
0 (base 7) to base 4
0
325 (base 10) to base 16
145
-71 (base 12) to base 15
-5a
Convert 22 (base 11) to base 13.
1b
-1120 (base 6) to base 12
-1a0
-1 (base 4) to base 16
-1
What is 32 (base 7) in base 14?
19
Convert -53 (base 13) to base 9.
-75
Convert -271 (base 9) to base 3.
-22101
Convert -2 (base 12) to base 7.
-2
Convert -15 (base 12) to base 9.
-18
Convert 0 (base 9) to base 8.
0
What is -7 (base 15) in base 5?
-12
What is -a (base 16) in base 13?
-a
3 (base 16) to base 11
3
What is 100101 (base 2) in base 12?
31
What is 2 (base 11) in base 5?
2
What is -2023 (base 4) in base 5?
-1024
What is -2 (base 13) in base 11?
-2
-26 (base 7) to base 3
-202
What is 10000 (base 2) in base 15?
11
Convert -1 (base 14) to base 8.
-1
-114 (base 10) to base 3
-11020
Convert 220 (base 3) to base 6.
40
Convert -9 (base 10) to base 5.
-14
-122 (base 15) to base 3
-100112
What is -45 (base 9) in base 3?
-1112
What is 79 (base 12) in base 13?
72
What is -102 (base 3) in base 8?
-13
Convert 84 (base 14) to base 16.
74
Convert -223 (base 10) to base 14.
-11d
-1d (base 15) to base 4
-130
57 (base 10) to base 9
63
Convert 42 (base 14) to base 7.
112
What is 13 (base 12) in base 11?
14
-3 (base 9) to base 6
-3
-10100 (base 2) to base 12
-18
2 (base 3) to base 12
2
Convert -110000 (base 2) to base 11.
-44
-41 (base 14) to base 9
-63
3a (base 14) to base 4
310
4 (base 7) to base 3
11
Convert 3 (base 15) to base 10.
3
What is 202 (base 3) in base 9?
22
-8 (base 9) to base 2
-1000
-320 (base 7) to base 10
-161
Convert -19 (base 13) to base 6.
-34
What is -22 (base 5) in base 7?
-15
Convert -10 (base 8) to base 11.
-8
1 (base 8) to base 6
1
What is 3 (base 12) in base 16?
3
-22 (base 13) to base 6
-44
Convert -23 (base 13) to base 4.
-131
What is -31 (base 7) in base 12?
-1a
Convert -1 (base 12) to base 2.
-1
What is -6 (base 8) in base 16?
-6
What is 6d (base 14) in base 9?
117
-55 (base 7) to base 10
-40
What is -6 (base 10) in base 4?
-12
Convert -5 (base 6) to base 14.
-5
Convert -11 (base 4) to base 15.
-5
Convert 1 (base 11) to base 9.
1
Convert 20 (base 11) to base 9.
24
Convert 10 (base 9) to base 10.
9
-45 (base 14) to base 5
-221
Convert 2 (base 4) to base 11.
2
Convert -10 (base 2) to base 16.
-2
What is 1411 (base 5) in base 11?
1a0
What is 19 (base 12) in base 10?
21
What is 30 (base 5) in base 15?
10
-10 (base 16) to base 4
-100
2 (base 11) to base 3
2
-20 (base 7) to base 12
-12
Convert 1001 (base 2) to base 5.
14
Convert -5 (base 7) to base 4.
-11
4 (base 16) to base 12
4
What is 1340 (base 5) in base 2?
11011100
What is -1 (base 11) in base 15?
-1
Convert 5 (base 15) to base 14.
5
1 (base 10) to base 8
1
Convert 0 (base 11) to base 9.
0
-1 (base 15) to base 3
-1
What is 0 (base 12) in base 8?
0
What is 14 (base 10) in base 12?
12
Convert -2 (base 7) to base 13.
-2
Convert 1 (base 9) to base 5.
1
-1 (base 2) to base 4
-1
Convert -1202 (base 3) to base 11.
-43
Convert -121 (base 6) to base 3.
-1211
-15 (base 6) to base 15
-b
-31 (base 8) to base 9
-27
Convert -21 (base 3) to base 16.
-7
What is -110 (base 10) in base 4?
-1232
Convert -152 (base 11) to base 10.
-178
1c (base 13) to base 14
1b
Convert -11 (base 3) to base 16.
-4
3 (base 14) to base 9
3
Convert 13 (base 12) to base 11.
14
14 (base 15) to base 6
31
-2 (base 3) to base 2
-10
12 (base 14) to base 2
10000
-1001 (base 4) to base 10
-65
What is 10 (base 6) in base 13?
6
8 (base 9) to base 16
8
-100102 (base 3) to base 6
-1102
4 (base 9) to base 4
10
Convert 11110 (base 2) to base 13.
24
1c (base 16) to base 13
22
303 (base 4) to base 13
3c
Convert -22 (base 3) to base 10.
-8
-204 (base 6) to base 14
-56
3 (base 12) to base 9
3
Convert 11 (base 12) to base 7.
16
Convert -8 (base 16) to base 7.
-11
43 (base 9) to base 10
39
Convert -11 (base 8)